rime factors of 2452621.
173, 14177
What are the prime factors of 25536996?
2, 3, 71, 97, 103
List the prime factors of 2108590.
2, 5, 11, 29, 661
What are the prime factors of 3214127?
7, 359, 1279
List the prime factors of 270306.
2, 3, 15017
List the prime factors of 146587.
7, 43, 487
List the prime factors of 195849.
3, 47, 463
List the prime factors of 284724.
2, 3, 11, 719
What are the prime factors of 1040824?
2, 281, 463
List the prime factors of 3268707.
3, 13, 83813
List the prime factors of 33431.
101, 331
List the prime factors of 364119.
3, 7, 2477
List the prime factors of 9832411.
1097, 8963
List the prime factors of 1080431.
11, 98221
What are the prime factors of 737896?
2, 92237
List the prime factors of 337149.
3, 12487
List the prime factors of 874440.
2, 3, 5, 7, 347
List the prime factors of 246211.
7, 17, 2069
List the prime factors of 91721.
7, 13103
What are the prime factors of 7261558?
2, 3630779
List the prime factors of 946606.
2, 131, 3613
What are the prime factors of 8587930?
2, 5, 13, 31, 2131
List the prime factors of 606802.
2, 7, 89, 487
What are the prime factors of 11584903?
11, 67, 1429
What are the prime factors of 5124490?
2, 5, 7, 19, 3853
What are the prime factors of 446446?
2, 7, 11, 13, 223
What are the prime factors of 1368371?
31, 37, 1193
List the prime factors of 8389971.
3, 932219
What are the prime factors of 84754?
2, 31, 1367
What are the prime factors of 282669?
3, 59, 1597
List the prime factors of 1927014.
2, 3, 321169
List the prime factors of 19353.
3, 6451
List the prime factors of 936532.
2, 137, 1709
What are the prime factors of 2776720?
2, 5, 61, 569
List the prime factors of 20778444.
2, 3, 21377
What are the prime factors of 79238?
2, 39619
What are the prime factors of 2956290?
2, 3, 5, 98543
List the prime factors of 5070591.
3, 37, 15227
What are the prime factors of 3810115?
5, 83, 9181
What are the prime factors of 2001007?
107, 18701
What are the prime factors of 1569499?
31, 197, 257
What are the prime factors of 4653115?
5, 853, 1091
What are the prime factors of 3669032?
2, 458629
List the prime factors of 32909.
32909
List the prime factors of 263752.
2, 32969
What are the prime factors of 8967344?
2, 560459
List the prime factors of 5290179.
3, 17, 47, 2207
What are the prime factors of 5968708?
2, 1492177
What are the prime factors of 5181847?
11, 67, 79, 89
List the prime factors of 13920004.
2, 7, 613, 811
List the prime factors of 81700.
2, 5, 19, 43
What are the prime factors of 290869?
290869
What are the prime factors of 210833?
7, 30119
What are the prime factors of 142485?
3, 5, 7, 23, 59
List the prime factors of 1587397.
7, 41, 5531
What are the prime factors of 51162?
2, 3, 8527
List the prime factors of 8207.
29, 283
What are the prime factors of 576775?
5, 23071
List the prime factors of 194319.
3, 2399
List the prime factors of 332390.
2, 5, 43, 773
What are the prime factors of 5820133?
11, 529103
What are the prime factors of 612979?
37, 16567
List the prime factors of 10334056.
2, 281, 4597
What are the prime factors of 677203?
107, 6329
List the prime factors of 31738354.
2, 17, 29, 32189
What are the prime factors of 6957557?
73, 191, 499
What are the prime factors of 23518637?
19, 1237823
What are the prime factors of 4848263?
7, 659, 1051
List the prime factors of 3721724.
2, 197, 4723
What are the prime factors of 1462036?
2, 365509
List the prime factors of 5244117.
3, 1748039
What are the prime factors of 15381737?
7, 47, 6679
What are the prime factors of 1919864?
2, 43, 5581
List the prime factors of 1221992.
2, 103, 1483
What are the prime factors of 166373?
29, 5737
List the prime factors of 233763.
3, 67, 1163
What are the prime factors of 4489891?
7, 641413
What are the prime factors of 31125632?
2, 241, 1009
What are the prime factors of 26511996?
2, 3, 7, 547, 577
List the prime factors of 965930.
2, 5, 7, 13799
What are the prime factors of 6493775?
5, 259751
List the prime factors of 4427949.
3, 199, 7417
What are the prime factors of 2345?
5, 7, 67
What are the prime factors of 6279433?
181, 34693
List the prime factors of 21164977.
1087, 19471
What are the prime factors of 188535?
3, 5, 12569
What are the prime factors of 3059028?
2, 3, 7, 61, 199
What are the prime factors of 396653?
103, 3851
List the prime factors of 9224589.
3, 11, 443, 631
What are the prime factors of 533801?
533801
List the prime factors of 218486.
2, 29, 3767
List the prime factors of 2755824.
2, 3, 57413
What are the prime factors of 14142867?
3, 233, 20233
List the prime factors of 367889.
367889
List the prime factors of 1565560.
2, 5, 39139
List the prime factors of 3666868.
2, 43, 21319
List the prime factors of 196003.
196003
What are the prime factors of 3856070?
2, 5, 385607
List the prime factors of 3043394.
2, 31, 191, 257
List the prime factors of 438242.
2, 7, 23, 1361
List the prime factors of 27566477.
4651, 5927
What are the prime factors of 202592?
2, 13, 487
What are the prime factors of 19348?
2, 7, 691
What are the prime factors of 2923800?
2, 3, 5, 11, 443
List the prime factors of 9701550.
2, 3, 5, 21559
What are the prime factors of 36289131?
3, 12096377
List the prime factors of 2375256.
2, 3, 13, 23, 331
What are the prime factors of 427446?
2, 3, 23747
List the prime factors of 545415.
3, 5, 13, 2797
List the prime factors of 9624536.
2, 1203067
What are the prime factors of 5687135?
5, 1137427
What are the prime factors of 127675?
5, 5107
What are the prime factors of 3092726?
2, 7, 13, 16993
List the prime factors of 549313.
549313
List the prime factors of 1215701.
83, 97, 151
List the prime factors of 873167.
337, 2591
What are the prime factors of 5137836?
2, 3, 11, 38923
List the prime factors of 12231730.
2, 5, 7, 197, 887
List the prime factors of 1439743.
1439743
What are the prime factors of 412566?
2, 3, 7, 11, 19, 47
What are the prime factors of 1909745?
5, 381949
List the prime factors of 116787.
3, 11, 3539
What are the prime factors of 14063064?
2, 3, 43, 13627
List the prime factors of 7539934.
2, 37, 101891
List the prime factors of 140783.
23, 6121
What are the prime factors of 23494247?
7, 23, 73, 1999
What are the prime factors of 19665840?
2, 3, 5, 67, 1223
What are the prime factors of 724640?
2, 5, 7, 647
List the prime factors of 8553921.
3, 73, 139, 281
List the prime factors of 381941.
7, 54563
What are the prime factors of 6907669?
1181, 5849
List the prime factors of 236596.
2, 59149
List the prime factors of 4310688.
2, 3, 83, 541
List the prime factors of 161107.
31, 5197
What are the prime factors of 18263247?
3, 31, 196379
What are the prime factors of 360667?
59, 6113
List the prime factors of 258476.
2, 19, 179
List the prime factors of 35347564.
2, 7, 31, 193, 211
List the prime factors of 38245807.
53, 721619
List the prime factors of 188510.
2, 5, 7, 2693
List the prime factors of 10321697.
53, 194749
List the prime factors of 1544231.
13, 118787
What are the prime factors of 859490?
2, 5, 61, 1409
What are the prime factors of 29154?
2, 3, 43, 113
List the prime factors of 3873425.
5, 154937
What are the prime factors of 2867998?
2, 7, 204857
List the prime factors of 1290365.
5, 421, 613
What are the prime factors of 1331132?
2, 11, 30253
What are the prime factors of 590428?
2, 147607
List the prime factors of 10363.
43, 241
What are the prime factors of 4623589?
4623589
What are the prime factors of 197033?
197033
List the prime factors of 132500.
2, 5, 53
List the prime factors of 4193635.
5, 379, 2213
What are the prime factors of 469081?
17, 41, 673
List the prime factors of 71838.
2, 3, 13, 307
What are the prime factors of 248465?
5, 7, 31, 229
What are the prime factors of 1156446?
2, 3, 41, 1567
List the prime factors of 14512590.
2, 3, 5, 113, 1427
What are the prime factors of 389799?
3, 14437
What are the prime factors of 135509?
11, 97, 127
What are the prime factors of 474?
2, 3, 79
List the prime factors of 183688.
2, 22961
What are the prime factors of 177103?
29, 31, 197
List the prime factors of 11149260.
2, 3, 5, 185821
List the prime factors of 922573.
17, 54269
List the prime factors of 11717810.
2, 5, 13, 23, 3919
What are the prime factors of 1927087?
1927087
List 